lculate the remainder when 813 is divided by 11.
10
What is the remainder when 878 is divided by 178?
166
Calculate the remainder when 9665 is divided by 54.
53
Calculate the remainder when 1207 is divided by 601.
5
Calculate the remainder when 333 is divided by 12.
9
Calculate the remainder when 117 is divided by 27.
9
What is the remainder when 1003 is divided by 18?
13
Calculate the remainder when 400 is divided by 76.
20
What is the remainder when 1495 is divided by 34?
33
Calculate the remainder when 127 is divided by 5.
2
Calculate the remainder when 175 is divided by 102.
73
Calculate the remainder when 1517 is divided by 22.
21
Calculate the remainder when 35 is divided by 19.
16
What is the remainder when 90208 is divided by 139?
136
What is the remainder when 87 is divided by 28?
3
Calculate the remainder when 113 is divided by 41.
31
Calculate the remainder when 13959 is divided by 16.
7
Calculate the remainder when 41 is divided by 34.
7
What is the remainder when 666 is divided by 331?
4
What is the remainder when 532 is divided by 169?
25
What is the remainder when 738 is divided by 717?
21
Calculate the remainder when 331 is divided by 85.
76
What is the remainder when 33 is divided by 24?
9
Calculate the remainder when 291 is divided by 107.
77
What is the remainder when 58 is divided by 13?
6
Calculate the remainder when 64 is divided by 23.
18
Calculate the remainder when 263 is divided by 38.
35
Calculate the remainder when 218 is divided by 20.
18
Calculate the remainder when 23 is divided by 6.
5
Calculate the remainder when 10184 is divided by 98.
90
Calculate the remainder when 824 is divided by 36.
32
Calculate the remainder when 419 is divided by 9.
5
Calculate the remainder when 1031 is divided by 25.
6
Calculate the remainder when 3999 is divided by 35.
9
Calculate the remainder when 1971 is divided by 979.
13
What is the remainder when 169 is divided by 7?
1
Calculate the remainder when 723 is divided by 22.
19
Calculate the remainder when 51911 is divided by 103.
102
Calculate the remainder when 125 is divided by 44.
37
What is the remainder when 1668 is divided by 22?
18
Calculate the remainder when 299 is divided by 34.
27
What is the remainder when 2967 is divided by 66?
63
What is the remainder when 286 is divided by 11?
0
Calculate the remainder when 793 is divided by 47.
41
What is the remainder when 2636 is divided by 91?
88
Calculate the remainder when 69 is divided by 10.
9
What is the remainder when 195 is divided by 67?
61
Calculate the remainder when 1368 is divided by 48.
24
Calculate the remainder when 3136 is divided by 390.
16
What is the remainder when 88 is divided by 15?
13
Calculate the remainder when 237 is divided by 224.
13
What is the remainder when 130 is divided by 32?
2
What is the remainder when 544 is divided by 241?
62
What is the remainder when 580 is divided by 560?
20
Calculate the remainder when 1783 is divided by 17.
15
What is the remainder when 42 is divided by 17?
8
Calculate the remainder when 171 is divided by 35.
31
What is the remainder when 88 is divided by 49?
39
What is the remainder when 563 is divided by 53?
33
What is the remainder when 138 is divided by 32?
10
What is the remainder when 1323 is divided by 217?
21
What is the remainder when 78 is divided by 12?
6
What is the remainder when 921 is divided by 11?
8
Calculate the remainder when 77 is divided by 65.
12
What is the remainder when 4950 is divided by 39?
36
What is the remainder when 234 is divided by 233?
1
Calculate the remainder when 232 is divided by 36.
16
Calculate the remainder when 10440 is divided by 197.
196
What is the remainder when 1038 is divided by 40?
38
What is the remainder when 25 is divided by 6?
1
What is the remainder when 136 is divided by 50?
36
What is the remainder when 114 is divided by 86?
28
What is the remainder when 1565 is divided by 27?
26
What is the remainder when 29181 is divided by 57?
54
What is the remainder when 38 is divided by 21?
17
Calculate the remainder when 72 is divided by 28.
16
Calculate the remainder when 96 is divided by 58.
38
What is the remainder when 90 is divided by 17?
5
What is the remainder when 31414 is divided by 102?
100
Calculate the remainder when 362 is divided by 119.
5
What is the remainder when 632 is divided by 204?
20
What is the remainder when 1216 is divided by 23?
20
What is the remainder when 898 is divided by 36?
34
Calculate the remainder when 3327 is divided by 90.
87
Calculate the remainder when 3104 is divided by 183.
176
What is the remainder when 335 is divided by 294?
41
What is the remainder when 1456 is divided by 3?
1
Calculate the remainder when 5369 is divided by 79.
76
Calculate the remainder when 3285 is divided by 62.
61
Calculate the remainder when 377 is divided by 48.
41
Calculate the remainder when 669 is divided by 21.
18
Calculate the remainder when 261 is divided by 69.
54
Calculate the remainder when 4456 is divided by 101.
12
Calculate the remainder when 754 is divided by 76.
70
Calculate the remainder when 48 is divided by 9.
3
What is the remainder when 21751 is divided by 149?
146
What is the remainder when 2804 is divided by 56?
4
Calculate the remainder when 907 is divided by 152.
147
Calculate the remainder when 87 is divided by 32.
23
What is the remainder when 1424 is divided by 283?
9
What is the remainder when 1173 is divided by 49?
46
What is the remainder when 4217 is divided by 114?
113
Calculate the remainder when 121 is divided by 39.
4
Calculate the remainder when 205 is divided by 16.
13
Calculate the remainder when 627 is divided by 5.
2
What is the remainder when 718 is divided by 45?
43
What is the remainder when 6475 is divided by 44?
7
Calculate the remainder when 287 is divided by 94.
5
What is the remainder when 150 is divided by 38?
36
Calculate the remainder when 49 is divided by 21.
7
What is the remainder when 95 is divided by 49?
46
Calculate the remainder when 298 is divided by 15.
13
Calculate the remainder when 193 is divided by 28.
25
Calculate the remainder when 613 is divided by 191.
40
What is the remainder when 968 is divided by 51?
50
Calculate the remainder when 546 is divided by 502.
44
Calculate the remainder when 4533 is divided by 36.
33
What is the remainder when 401 is divided by 68?
61
Calculate the remainder when 8092 is divided by 2693.
13
What is the remainder when 186 is divided by 17?
16
Calculate the remainder when 5488 is divided by 686.
0
What is the remainder when 2037 is divided by 60?
57
What is the remainder when 112 is divided by 8?
0
What is the remainder when 897 is divided by 53?
49
What is the remainder when 796 is divided by 263?
7
Calculate the remainder when 1048 is divided by 258.
16
Calculate the remainder when 7958 is divided by 306.
2
What is the remainder when 1117 is divided by 43?
42
What is the remainder when 15572 is divided by 66?
62
What is the remainder when 1111 is divided by 99?
22
Calculate the remainder when 1390 is divided by 87.
85
Calculate the remainder when 265 is divided by 90.
85
Calculate the remainder when 1470 is divided by 299.
274
What is the remainder when 199 is divided by 62?
13
What is the remainder when 228 is divided by 59?
51
Calculate the remainder when 7955 is divided by 12.
11
Calculate the remainder when 86 is divided by 18.
14
Calculate the remainder when 170 is divided by 107.
63
Calculate the remainder when 58 is divided by 23.
12
What is the remainder when 207 is divided by 53?
48
Calculate the remainder when 190 is divided by 65.
60
Calculate the remainder when 2471 is divided by 103.
102
Calculate the remainder when 294 is divided by 40.
14
What is the remainder when 43 is divided by 29?
14
Calculate the remainder when 1772 is divided by 24.
20
What is the remainder when 836 is divided by 45?
26
Calculate the remainder when 388 is divided by 30.
28
What is the remainder when 304 is divided by 250?
54
What is the remainder when 3177 is divided by 36?
9
Calculate the remainder when 921 is divided by 21.
18
Calculate the remainder when 1633 is divided by 30.
13
Calculate the remainder when 292 is divided by 6.
4
Calculate the remainder when 732 is divided by 148.
140
What is the remainder when 151 i